 + 3. Suppose i = 3*i + 8. What is f(i)?
7
Let l(f) = -8*f**2 - 9*f + 9. Let a(o) = 11*o**2 + 14*o - 13. Let w(c) = 5*a(c) + 7*l(c). Calculate w(6).
4
Let w(l) = 3*l. Let p be w(1). Let d(u) = u**3 - 8*u**2 + 9*u - 8. Let q be d(7). Let o(i) = q - i**2 + 7*i - 2*i - p + 2*i**2. Give o(-4).
-1
Suppose 0 = 5*a - 5*r + 15, 3*a + 2 - 1 = -r. Let g(n) be the third derivative of n**4/2 - n**2. What is g(a)?
-12
Suppose 0 = -6*c + 2*c + 20. Let o(j) = c*j - 14 - j**3 - 2*j**2 + 10 - 3*j**2. Calculate o(-6).
2
Let o = 40 - 36. Let u(v) be the second derivative of 3*v - 1/2*v**3 - 1/12*v**o - 2*v**2 + 0. Give u(-4).
-8
Suppose -i + 0 = 2*p - 6, 21 = -4*i + p. Let d = i + 4. Let o(r) = -r + 4. Give o(d).
4
Let g(q) = -4 - 10*q + 2*q - 2*q**2 + q**2. Let d be g(-7). Let a(u) = 6*u - 2 + 0 - d*u. Determine a(2).
4
Let s(r) = -4*r - 15. Let j be s(-4). Let p(k) = -10*k**3 - k**2 - k + 1. Give p(j).
-11
Let i(d) = -d**3 + 9. Let n = -4 + 8. Suppose 3*f = -f - n*k, -5*k = -2*f. Determine i(f).
9
Suppose 3*w + 2*c - 18 = 8*w, -5*c - 5 = 0. Let z(g) = 3*g + 3. Determine z(w).
-9
Let w(u) be the second derivative of -u**5/20 - u**4/3 + u**3/6 - 3*u**2/2 - 4*u. Give w(-4).
-7
Suppose 5*m + 0*m = y + 3, y - 1 = m. Suppose y*d - 5 = -1. Let g(u) = u**2 - 1. Give g(d).
3
Let p(c) = -11*c - 13. Let t(a) = 5*a + 6. Let k(d) = 6*p(d) + 13*t(d). Suppose 2 = -4*z + 6. Calculate k(z).
-1
Let w = 4 + -13. Let s be (-6)/w + 32/6. Let n(o) = -o**2 + 6*o - 5. Give n(s).
-5
Let k(y) = y - 5. Let g be k(6). Let v(f) = -g + 5*f + 0*f - 3*f - 2. Give v(-3).
-9
Suppose 3*o = 12, 0 = -2*i - o + 2*o + 2. Let v(w) = -2*w**2 + 0*w**2 - 6 + 0*w**i + 5*w - w**3 + 10. What is v(-3)?
-2
Suppose -29 = 7*y - 1. Let i(g) = -g**3 - 5*g**2 - 6*g - 6. What is i(y)?
2
Let x(f) = -3*f + 1. Suppose 3 = -3*v + 6. Determine x(v).
-2
Let j(k) = -8*k + 5*k + 2*k + 0*k. Determine j(-4).
4
Let c(d) = 4*d. Suppose 6 = -41*o + 38*o. Give c(o).
-8
Let t be (-6)/4*(-2 - 0). Let i(h) = h**3 - 3*h**2 - 2*h - 2. Determine i(t).
-8
Let d(m) = m + 8*m**2 - 14*m**2 + 3*m**2 + 6*m**2. What is d(1)?
4
Suppose -j + 7 = 4*o + 1, 2*o = -j + 4. Let f(u) be the first derivative of 1/4*u**4 + 1 - u + u**2 - 1/3*u**3. Determine f(o).
1
Let x(z) = 11*z**3 + 18*z**2 + 11*z - 26. Let t(g) = 5*g**3 + 9*g**2 + 6*g - 13. Let d(y) = -13*t(y) + 6*x(y). Calculate d(10).
-7
Let d(o) = 4*o**3 - 4*o**2 + 6*o + 4. Let u be (-39)/6 + (-1)/(-2). Let x(l) = 0 - 5*l**3 - 3 - 6*l - l + 5*l**2 - 2. Let g(a) = u*d(a) - 5*x(a). What is g(-2)?
-9
Let b = -18 - -22. Let f(r) be the first derivative of -1/4*r**4 - b - r**2 - 4*r + 5/3*r**3. What is f(3)?
8
Let a be (-2)/(-4) + (-5)/(-2). Let b(j) = j + 3 - a*j + 4*j. Suppose 0 = 2*n + 4. Determine b(n).
-1
Let f(d) = 7*d**3 - 5*d**2 + d + 1. Let j(l) = -4*l**3 + 2*l**2 - l. Suppose -5*x = 3*z - 34, -5*z + 4 + 21 = 2*x. Let o(s) = z*f(s) + 5*j(s). What is o(5)?
-7
Let m(s) = s - 6. Let u(v) = v - 1. Let y(n) = m(n) - 2*u(n). Let a(z) = -8*z - 12. Let h be a(-6). Suppose -4*k - 21 = r, 3*r - r = 5*k + h. Determine y(k).
2
Suppose 0 = -s - 4*f + 6, s - f + 27 = -3*s. Let x(p) = -4*p - 19. Let y = -10 + 5. Let d(z) = -2*z - 10. Let l(j) = y*d(j) + 3*x(j). What is l(s)?
5
Let k be (-1)/(-4)*-3*-4. Let t(p) = -3*p**2 - p**2 + 7*p - 4*p - p + 47 - 51 + p**3. Give t(k).
-7
Let k(p) = 4*p - 9*p + 0 + 6*p + 1. What is k(0)?
1
Let v(r) be the third derivative of r**5/30 + r**4/12 - r**3/6 + 4*r**2. Let o = -3 - -5. Let s = o - 4. Determine v(s).
3
Let u(i) = i**2 - 4*i. Let n(r) = -r. Let j(f) = -5*n(f) + u(f). Give j(0).
0
Let z = -4 + 9. Suppose -z*x - 2*w + 28 = 0, -w + 24 = x + 4*w. Let b(o) be the first derivative of -o**2 + 2*o - 1. Give b(x).
-6
Suppose -24 = 4*f - 6*f - 4*w, -2*f = 3*w - 19. Let d(p) = p**3 - 2*p + 2. Determine d(f).
6
Let f(l) = -l**2 + 1. Let w(v) = v - 1. Suppose 0 = 4*y - y - 3. Let q(g) = y*f(g) + 3*w(g). Let m(p) be the first derivative of q(p). Give m(3).
-3
Let f = -21 - -25. Let t(q) = -3*q + 5. Determine t(f).
-7
Let i = -4 + 9. Suppose -v = i*a - 102, -a + 5*v - 1 = -11. Suppose -3*f = -5*u - 19, -5*u + a = 3*f + 51. Let h(m) = -m**3 - 4*m**2 + 7*m + 2. What is h(u)?
-8
Let y(s) = s**3 - 2*s**3 + 136 + s - 135. What is y(2)?
-5
Let n(x) = x**2 - x. Let w(i) = 2*i**2 - 3*i. Let a(c) = 3*n(c) - w(c). Determine a(1).
1
Let q = -108 - -102. Let f(c) = 4*c - 1. Calculate f(q).
-25
Let y(w) = -w**2 + 2*w + 1. Let r(i) = -9 + i**3 - 8*i**2 + i + 2 + 1. Let n be r(8). Determine y(n).
1
Let q = -10 + 15. Suppose 0 = q*k, -5*k = 4*u - 0*k - 24. Suppose 7*i + u = 4*i. Let c(y) = -2*y**2 + 2*y + 2. Determine c(i).
-10
Let u = 1 + 3. Let n = u - 8. Let d(i) = -i - 13. Let t(x) = -3*x - 38. Let s(h) = 17*d(h) - 6*t(h). Calculate s(n).
3
Let w(z) = 14 + 4*z - 8 + 3 - z**2. Let n(d) = -2*d**2 + 8*d + 17. Let h(u) = 4*n(u) - 7*w(u). Determine h(4).
5
Let n(q) be the second derivative of -q**5/120 + q**4/12 + q**3/6 + q. Let t(i) be the second derivative of n(i). Calculate t(-2).
4
Let a(l) = l**3 - 3*l**2 - 2*l - 1. Suppose 45 = 3*x + 2*x. Suppose 5*r - 10 = -3*j - 1, -x = -3*j + r. Calculate a(j).
-7
Let v(h) = -26 + 24 + 3*h - 9*h + 5*h. Determine v(6).
-8
Suppose 4*f - j - 3 = 2*j, 3*f - 6 = 3*j. Let n(w) = -w**3 - 5*w**2 - 4*w - 2. Determine n(f).
-8
Let y(u) = 6*u + 483*u**2 + 0*u - 484*u**2 + 0*u + 1. Give y(7).
-6
Suppose -7*n = -2*n - 30. Let i(s) = -s + 6. What is i(n)?
0
Let v(c) = c - 3*c + 51 - 54. Calculate v(-5).
7
Let m(c) = 2*c**2 - c. Suppose -3*p = 4*o - 20, -2 = -3*o - 5*p + 24. Give m(o).
6
Let o(j) = 8*j - 20. Let r(z) = -3*z + 7. Let q(u) = 4*o(u) + 11*r(u). Let c be (1 + 14/(-8))*-8. Let b = -10 + c. Give q(b).
1
Let b(k) = k**3 - 7*k**2 + 5*k + 7. Let u be b(6). Let t(d) = d**2 + d + 2. Let w(a) = -2*a**2 - 3*a - 7. Let r(o) = 7*t(o) + 2*w(o). Give r(u).
4
Let a(i) be the first derivative of 1 + 5*i + 1/3*i**3 + 5/2*i**2. What is a(-4)?
1
Let v be 3/(-2 - 1) + 1. Suppose 3*u - u - 6 = 0. Let p(q) = -q + q**3 + u*q - q + 7. What is p(v)?
7
Let k(l) be the third derivative of -l**5/20 - l**2. Suppose -2*t - t = -9. Suppose 0 = -b - 5, 9 = o + t*o - b. What is k(o)?
-3
Let t(z) = 15*z - 1. Let s(x) = 8*x - 4*x - 7*x - 5*x. Let h(n) = -11*s(n) - 6*t(n). Calculate h(6).
-6
Let k(g) = -g**2 - g + 2. Suppose 11*w = 5*w. Determine k(w).
2
Let u(i) = 2*i**3 + 6*i - 1. Let d be (-3 + 2)/(4/12). Let q(y) = -5*y**3 - y**2 - 13*y + 3. Let j(a) = d*q(a) - 7*u(a). Suppose 5 - 17 = 3*b. Determine j(b).
-6
Let s(p) = -2*p - 2. Let d be s(-7). Let k be 428/16 - (-3)/d. Suppose -2*g - 6 = 0, -4*v + 0*g - 5*g - k = 0. Let l(a) = -a**2 - 4*a - 3. What is l(v)?
0
Suppose 16 = 4*i + 4*u, 5*i - 11 = i + u. Suppose q - i*q - 10 = 0. Let r = q + 8. Let s(l) = -l + 7. What is s(r)?
4
Let i(b) = -b + 18. Let p be i(16). Let d(w) = -5*w**2 - 7*w + p - w**2 + 3*w**2 + 2*w**2. Determine d(-5).
12
Let l(q) = q - 4. Suppose -g - 27 + 7 = 5*y, -35 = -2*g + 5*y. Determine l(g).
1
Let g(k) = k**3 + k. Let j be (-1)/8*2*-4. Let u be (-1 - (j + -3))*5. Let p(q) = -2*q**2 + 4*q. Let d(h) = u*g(h) - p(h). Give d(-1).
-4
Let o(i) = -i - 9. Let q(g) = -g**2 - 4*g - 3. Suppose n = -n - 2*k + 4, -n + 22 = 5*k. Let r be q(n). Let w be 0/(6/2) + r. Calculate o(w).
-9
Let m(z) = -4*z - 2. Let p be m(-2). Let r(a) = a**3 - 5*a**2 - 6*a + 2. Give r(p).
2
Let x(y) = 13*y**3 + 11*y**2 - 4*y - 21. Let f(t) = -3*t**3 - 3*t**2 + t + 5. Let b(k) = 9*f(k) + 2*x(k). Determine b(-5).
-2
Let n(c) = c**2 + 8*c + 6. Let p(q) = -7*q - q**2 + 2 - 3 - 2 - 2. Let s(i) = -2*n(i) - 3*p(i). What is s(-5)?
3
Suppose 6*l - 17 = 2*a + l, -3*l = 5*a - 4. Let j(m) = 11*m + 2 - 2*m - 3 + 0. What is j(a)?
-10
Let p(d) be the second derivative of -6*d + 5/6*d**3 + 3*d**2 + 1/12*d**4 + 0. Determine p(-6).
12
Let q be 6/(-5)*(-80)/(-24). Let s(o) = -o**3 - 4*o**2 - 1. Give s(q).
-1
Let m = 14 - 10. Let s(d) = 2*d**3 - 6*d**2 + 5*d + 3. Let k(b) = -b**3 - 1. Let z(l) = k(l) + s(l). Calculate z(m).
-10
Let m(k) = -5*k**3 - 25*k**2 + 24*k - 26. Let u(f) = -f**3 - 5*f**2 + 5*f - 5. Let p(a) = -2*m(a) + 11*u(a). What is p(-6)?
-9
Let w(v) be the first derivative of v**3/3 + 5*v - 30. Give w(0).
5
Let h(n) = -3*n. Let z(x) = x**3 + 8*x**2 + 6*x - 8. Let g be z(-7). Give h(g).
3
Let j(g) = -3*g + 4. Let f = 16 - 12. Calculate j(f).
-8
Let u(